8
-4161
-3321 (base 5) to base 6
-2045
Convert 1882 (base 12) to base 4.
232202
10314 (base 7) to base 13
121b
What is 2141 (base 6) in base 15?
22d
Convert 650 (base 15) to base 3.
1221210
45441 (base 9) to base 15
8e6a
What is -423013 (base 6) in base 14?
-c73b
-11c4 (base 13) to base 5
-40101
Convert 311113 (base 4) to base 11.
2625
Convert b01 (base 12) to base 5.
22320
What is 325344 (base 6) in base 5?
1332021
Convert -334 (base 9) to base 10.
-274
223 (base 9) to base 6
503
What is 2c4b (base 14) in base 15?
2522
What is 1196 (base 12) in base 9?
2646
Convert 10243 (base 6) to base 3.
1220200
Convert 20303 (base 8) to base 6.
102455
What is -86aa (base 11) in base 9?
-16681
What is -3019 (base 10) in base 3?
-11010211
Convert -5421 (base 7) to base 4.
-132012
What is -1121 (base 9) in base 12?
-591
What is 122112 (base 4) in base 6?
11450
Convert -410 (base 9) to base 2.
-101001101
31111023 (base 4) to base 13
1bb13
Convert 212020 (base 8) to base 10.
70672
3411 (base 5) to base 10
481
Convert 3330 (base 8) to base 13.
a4a
-12124 (base 6) to base 12
-1044
Convert 100000000 (base 2) to base 6.
1104
Convert -18407 (base 9) to base 15.
-3b84
What is -290 (base 16) in base 5?
-10111
What is -26316 (base 7) in base 11?
-5302
Convert -34026 (base 8) to base 11.
-a873
Convert -1000110 (base 2) to base 16.
-46
-36650 (base 7) to base 5
-301330
Convert 21634 (base 7) to base 14.
1dc4
What is 832 (base 15) in base 2?
11100110111
Convert 130 (base 8) to base 16.
58
-756 (base 14) to base 8
-2650
100110122 (base 3) to base 4
1223312
4002 (base 7) to base 3
1212220
-134162 (base 7) to base 4
-12032003
44555 (base 7) to base 4
2233331
Convert 16251 (base 7) to base 14.
1961
-1201210222 (base 3) to base 15
-a1a2
What is -220134 (base 5) in base 10?
-7544
What is -16033 (base 10) in base 13?
-73b4
What is 4620 (base 8) in base 9?
3320
What is -1262 (base 14) in base 2?
-110010010110
What is -2353 (base 6) in base 5?
-4243
Convert -40f (base 16) to base 4.
-100033
45e (base 15) to base 12
6a5
-12023 (base 4) to base 8
-613
What is 8a17 (base 13) in base 8?
45526
What is -63259 (base 10) in base 4?
-33130123
-1005 (base 6) to base 15
-eb
130 (base 4) to base 5
103
-b02 (base 12) to base 15
-70b
Convert 527 (base 9) to base 7.
1153
-12 (base 5) to base 3
-21
What is 10001100111 (base 2) in base 14?
5a7
-4825 (base 11) to base 15
-1d14
1001011001 (base 2) to base 10
601
What is -23 (base 8) in base 2?
-10011
What is 302 (base 10) in base 4?
10232
Convert -882 (base 14) to base 5.
-23212
-1087 (base 9) to base 11
-675
Convert -120031 (base 5) to base 10.
-4391
Convert -11120112 (base 3) to base 5.
-101320
Convert 20223 (base 4) to base 6.
2323
What is -18072 (base 9) in base 15?
-3a58
Convert 875 (base 9) to base 12.
4b8
7503 (base 8) to base 6
30031
Convert 905 (base 13) to base 10.
1526
What is -16897 (base 10) in base 14?
-622d
-5286 (base 10) to base 4
-1102212
7b0 (base 14) to base 2
10111110110
What is -1446 (base 8) in base 4?
-30212
-3b3a (base 14) to base 6
-120200
-421 (base 10) to base 5
-3141
What is -201304 (base 5) in base 12?
-389a
Convert 8748 (base 11) to base 15.
364c
What is 25a5 (base 14) in base 6?
50341
What is 135 (base 11) in base 10?
159
What is a08 (base 16) in base 2?
101000001000
What is 33505 (base 6) in base 12?
2895
Convert 42521 (base 6) to base 7.
22636
e6 (base 15) to base 12
160
Convert -10220121 (base 3) to base 5.
-42401
What is 3685 (base 9) in base 4?
222332
1021021102 (base 3) to base 10
24986
Convert -114d (base 16) to base 8.
-10515
Convert -1041 (base 13) to base 4.
-203022
Convert -6031 (base 10) to base 13.
-298c
What is -122a (base 15) in base 2?
-111100011001
What is -30113 (base 4) in base 6?
-3355
Convert 101100000100 (base 2) to base 14.
1056
966b (base 14) to base 7
135464
18dd (base 15) to base 14
1d67
Convert -6164 (base 7) to base 8.
-4151
What is -101101210 (base 3) in base 4?
-1312131
What is 100010010 (base 2) in base 6?
1134
What is -7ac3 (base 14) in base 2?
-101001101011011
Convert -30398 (base 10) to base 12.
-15712
Convert 2115 (base 6) to base 10.
479
2277 (base 10) to base 2
100011100101
Convert 3266 (base 11) to base 6.
31535
What is -245554 (base 7) in base 10?
-45217
What is -f20 (base 16) in base 12?
-22a8
-b45 (base 12) to base 7
-4526
Convert 4a (base 13) to base 14.
46
36178 (base 9) to base 7
130403
111111100 (base 2) to base 6
2204
-13230 (base 6) to base 3
-2210100
-198 (base 13) to base 14
-170
-67 (base 16) to base 10
-103
What is -33527 (base 8) in base 4?
-3131113
-321411 (base 5) to base 11
-817a
What is -101101101111 (base 2) in base 16?
-b6f
Convert 12670 (base 10) to base 15.
3b4a
What is 3242 (base 5) in base 14?
23d
2c3 (base 14) to base 4
20303
What is -737 (base 13) in base 8?
-2315
55663 (base 8) to base 5
1222400
Convert -27a (base 11) to base 7.
-650
What is 120101120 (base 3) in base 12?
65b0
18a1 (base 12) to base 9
4104
What is -101110010 (base 2) in base 7?
-1036
What is 111202221 (base 3) in base 4?
2130322
Convert 110111 (base 2) to base 15.
3a
-10813 (base 15) to base 4
-30303123
1068 (base 9) to base 7
2210
What is -6104 (base 8) in base 3?
-11022022
What is -1413 (base 13) in base 10?
-2889
1492 (base 10) to base 6
10524
1a3 (base 11) to base 5
1414
What is -81 (base 14) in base 10?
-113
-bc8 (base 15) to base 7
-10523
202032 (base 5) to base 9
8841
Convert -1413130 (base 5) to base 9.
-44005
Convert 111000101 (base 2) to base 12.
319
What is 1342 (base 10) in base 6?
10114
What is -6602 (base 7) in base 13?
-10c1
What is 2332110 (base 5) in base 4?
22130130
Convert -21453 (base 6) to base 8.
-5651
Convert 11 (base 10) to base 4.
23
What is -c1 (base 16) in base 7?
-364
-9b (base 12) to base 4
-1313
What is -4225 (base 11) in base 7?
-22210
What is -26b (base 14) in base 10?
-487
142555 (base 7) to base 14
9d9c
What is 30105 (base 6) in base 13?
1a33
-1743 (base 8) to base 2
-1111100011
-203 (base 6) to base 2
-1001011
What is -30221 (base 4) in base 7?
-2234
-85 (base 13) to base 7
-214
Convert -1223 (base 9) to base 14.
-492
Convert 11003 (base 6) to base 12.
a63
2418 (base 9) to base 13
a85
What is 136 (base 13) in base 2?
11010110
What is -36 (base 10) in base 8?
-44
Convert -fd1 (base 16) to base 2.
-111111010001
What is 694 (base 11) in base 12?
591
Convert -1013002 (base 4) to base 15.
-1531
Convert 483 (base 9) to base 8.
617
-500 (base 11) to base 10
-605
Convert 372 (base 10) to base 4.
11310
What is -12312 (base 4) in base 2?
-110110110
Convert 21378 (base 10) to base 3.
1002022210
161 (base 14) to base 2
100011001
1306 (base 10) to base 14
694
What is 1010001111010 (base 2) in base 9?
7164
1002331 (base 4) to base 14
17c1
-5231 (base 6) to base 16
-493
-2024 (base 8) to base 3
-1102200
6b7 (base 16) to base 4
122313
Convert 3120110 (base 5) to base 15.
102da
Convert 906 (base 11) to base 13.
663
-1011100001 (base 2) to base 12
-515
What is -6b (base 12) in base 15?
-58
What is -1746 (base 10) in base 16?
-6d2
What is d184 (base 16) in base 4?
31012010
-12132 (base 4) to base 5
-3124
What is 4d4d (base 14) in base 13?
6258
What is -200333 (base 4) in base 14?
-aab
Convert -5495 (base 15) to base 4.
-10113323
What is 6a6 (base 16) in base 3?
2100001
Convert -1d3c (base 14) to base 12.
-3116
What is -15 (base 10) in base 6?
-23
What is -1253 (base 9) in base 8?
-1653
Convert 447 (base 9) to base 10.
367
What is -331 (base 8) in base 14?
-117
-101011 (base 2) to base 5
-133
Convert -23221210 (base 4) to base 15.
-e211
What is 112043 (base 6) in base 7?
36534
-101330 (base 4) to base 14
-5c0
85c (base 13) to base 5
21204
What is -10124 (base 6) in base 14?
-6c4
Convert 220420 (base 5) to base 2.
1110110111010
1c6b (base 16) to base 4
1301223
Convert 21313 (base 4) to base 9.
771
271 (base 8) to base 5
1220
-1943 (base 15) to base 9
-7440
-20427 (base 8) to base 10
-8471
What is ca45 (base 13) in base 2?
110110111001111
5a5d (base 15) to base 7
110005
Convert -20 (base 13) to base 10.
-26
Convert -3445 (base 12) to base 5.
-141223
What is -64a7 (base 11) in base 5?
-233322
Convert -705 (base 12) to base 11.
-841
What is 2101011 (base 3) in base 7?
5023
Convert 2ae (base 16) to base 15.
30b
Convert -2404 (base 8) to base 9.
-1676
Convert -100250 (base